What is the units digit of 3202?
2
What is the hundreds digit of 203638?
6
What is the thousands digit of 99829?
9
What is the hundreds digit of 17756?
7
What is the hundreds digit of 154?
1
What is the tens digit of 6500?
0
What is the tens digit of 4205?
0
What is the thousands digit of 174961?
4
What is the units digit of 9099?
9
What is the hundreds digit of 16299?
2
What is the tens digit of 3416?
1
What is the units digit of 5714?
4
What is the thousands digit of 2042?
2
What is the units digit of 26378?
8
What is the hundreds digit of 15242?
2
What is the units digit of 249?
9
What is the hundreds digit of 51126?
1
What is the thousands digit of 7106?
7
What is the hundreds digit of 771?
7
What is the units digit of 697?
7
What is the hundreds digit of 452?
4
What is the hundreds digit of 14650?
6
What is the thousands digit of 3233?
3
What is the tens digit of 58029?
2
What is the tens digit of 798?
9
What is the hundreds digit of 2088?
0
What is the tens digit of 14021?
2
What is the tens digit of 1110?
1
What is the hundreds digit of 8710?
7
What is the tens digit of 5340?
4
What is the tens digit of 2490?
9
What is the tens digit of 23742?
4
What is the tens digit of 10604?
0
What is the tens digit of 2216?
1
What is the hundreds digit of 6296?
2
What is the hundreds digit of 8315?
3
What is the tens digit of 6879?
7
What is the units digit of 6403?
3
What is the hundreds digit of 2427?
4
What is the thousands digit of 5623?
5
What is the hundreds digit of 249?
2
What is the thousands digit of 35505?
5
What is the units digit of 4242?
2
What is the units digit of 8178?
8
What is the tens digit of 9693?
9
What is the units digit of 16?
6
What is the thousands digit of 69579?
9
What is the thousands digit of 9188?
9
What is the units digit of 10004?
4
What is the units digit of 1533?
3
What is the tens digit of 3493?
9
What is the hundreds digit of 78424?
4
What is the hundreds digit of 27830?
8
What is the tens digit of 762?
6
What is the thousands digit of 39243?
9
What is the thousands digit of 3915?
3
What is the thousands digit of 22388?
2
What is the thousands digit of 22137?
2
What is the units digit of 12618?
8
What is the ten thousands digit of 21371?
2
What is the tens digit of 2632?
3
What is the tens digit of 1221?
2
What is the thousands digit of 1708?
1
What is the hundreds digit of 859?
8
What is the thousands digit of 54625?
4
What is the thousands digit of 14902?
4
What is the tens digit of 718?
1
What is the hundreds digit of 5267?
2
What is the hundreds digit of 101787?
7
What is the tens digit of 3446?
4
What is the units digit of 10663?
3
What is the hundreds digit of 14045?
0
What is the hundreds digit of 38630?
6
What is the tens digit of 34757?
5
What is the hundreds digit of 15908?
9
What is the hundreds digit of 92813?
8
What is the hundreds digit of 8523?
5
What is the units digit of 16743?
3
What is the ten thousands digit of 41393?
4
What is the units digit of 2065?
5
What is the tens digit of 438?
3
What is the thousands digit of 2452?
2
What is the tens digit of 12751?
5
What is the hundreds digit of 4922?
9
What is the thousands digit of 2031?
2
What is the hundreds digit of 877?
8
What is the thousands digit of 4350?
4
What is the units digit of 347?
7
What is the units digit of 30233?
3
What is the hundreds digit of 759?
7
What is the tens digit of 39693?
9
What is the tens digit of 22516?
1
What is the thousands digit of 1336?
1
What is the thousands digit of 2663?
2
What is the hundreds digit of 36650?
6
What is the ten thousands digit of 78994?
7
What is the tens digit of 46888?
8
What is the tens digit of 1180?
8
What is the tens digit of 818?
1
What is the units digit of 1276?
6
What is the hundred thousands digit of 106009?
1
What is the hundreds digit of 12960?
9
What is the thousands digit of 15811?
5
What is the hundreds digit of 16556?
5
What is the thousands digit of 7020?
7
What is the thousands digit of 3203?
3
What is the thousands digit of 1518?
1
What is the hundreds digit of 2319?
3
What is the thousands digit of 10508?
0
What is the tens digit of 111937?
3
What is the tens digit of 96833?
3
What is the thousands digit of 3945?
3
What is the thousands digit of 7299?
7
What is the hundreds digit of 758?
7
What is the units digit of 1160?
0
What is the ten thousands digit of 59458?
5
What is the thousands digit of 109603?
9
What is the tens digit of 174584?
8
What is the hundreds digit of 29798?
7
What is the ten thousands digit of 48121?
4
What is the tens digit of 4953?
5
What is the hundreds digit of 7237?
2
What is the thousands digit of 9545?
9
What is the tens digit of 405?
0
What is the hundreds digit of 9283?
2
What is the units digit of 1397?
7
What is the hundreds digit of 41914?
9
What is the tens digit of 257?
5
What is the units digit of 374?
4
What is the thousands digit of 1461?
1
What is the hundreds digit of 703?
7
What is the tens digit of 445?
4
What is the tens digit of 1180?
8
What is the tens digit of 21147?
4
What is the units digit of 22673?
3
What is the tens digit of 17787?
8
What is the hundreds digit of 1206?
2
What is the tens digit of 41518?
1
What is the thousands digit of 5630?
5
What is the hundreds digit of 998?
9
What is the hundreds digit of 37051?
0
What is the hundreds digit of 26490?
4
What is the tens digit of 2639?
3
What is the hundreds digit of 3232?
2
What is the tens digit of 19246?
4
What is the tens digit of 56698?
9
What is the units digit of 11246?
6
What is the ten thousands digit of 43348?
4
What is the thousands digit of 12853?
2
What is the ten thousands digit of 10698?
1
What is the tens digit of 203?
0
What is the thousands digit of 15582?
5
What is the units digit of 1137?
7
What is the tens digit of 32?
3
What is the units digit of 3742?
2
What is the tens digit of 16401?
0
What is the hundred thousands digit of 138823?
1
What is the tens digit of 61159?
5
What is the hundreds digit of 19102?
1
What is the ten thousands digit of 69534?
6
What is the units digit of 119201?
1
What is the tens digit of 7702?
0
What is the hundreds digit of 37556?
5
What is the hundreds digit of 2438?
4
What is the tens digit of 11229?
2
What is the units digit of 34?
4
What is the thousands digit of 1054?
1
What is the units digit of 3381?
1
What is the tens digit of 37394?
9
What is the tens digit of 6391?
9
What is the thousands digit of 11859?
1
What is the tens digit of 5341?
4
What is the units digit of 1719?
9
What is the tens digit of 2422?
2
What is the ten thousands digit of 29625?
2
What is the ten thousands digit of 130922?
3
What is the hundreds digit of 7683?
6
What is the hundreds digit of 34855?
8
What is the units digit of 3337?
7
What is the units digit of 722?
2
What is the thousands digit of 64302?
4
What is the units digit of 3479?
9
What is the thousands digit of 39750?
9
What is the hundreds digit of 69448?
4
What is the thousands digit of 8286?
8
What is the tens digit of 10299?
9
What is the ten thousands digit of 14595?
1
What is the thousands digit of 7373?
7
What is the tens digit of 743?
4
What is the tens digit of 26685?
8
What is the hundreds digit of 2490?
4
What is the units digit of 86?
6
What is the tens digit of 6345?
4
What is the tens digit of 30405?
0
What is the tens digit of 134?
3
What is the units digit of 10982?
2
What is the hundreds digit of 545?
5
What is the ten thousands digit of 77578?
7
What is the units digit of 16955?
5
What is the units digit of 1086?
6
What is the units digit of 1141?
1
What is the tens digit of 364?
6
What is the thousands digit of 5002?
5
What is the units digit of 1234?
4
What is the tens digit of 78563?
6
What is the units digit of 6369?
9
What is the hundreds digit of 4933?
9
What is the tens digit of 1456?
5
What is the thousands digit of 18225?
8
What is the thousands digit of 58574?
8
What is the units digit of 394?
4
What is the units digit of 57?
7
What is the hundreds digit of 1937?
9
What is the tens digit of 831?
3
What is the units digit of 7892?
2
What is the thousands digit of 25523?
5
What is the hundreds digit of 8689?
6
What is the tens digit of 33335?
3
What is the ten thousands digit of 20307?
2
What is the units digit of 25452?
2
What is the units digit 